{"id":2642,"date":"2020-03-21T20:38:04","date_gmt":"2020-03-21T18:38:04","guid":{"rendered":"https:\/\/domfutrzakow.pl\/?page_id=2642"},"modified":"2021-06-04T08:32:58","modified_gmt":"2021-06-04T06:32:58","slug":"czy-koty-moga-zarazic-covid-19","status":"publish","type":"page","link":"https:\/\/domfutrzakow.pl\/?page_id=2642","title":{"rendered":"Czy koty mog\u0105 zarazi\u0107 cz\u0142owieka COVID-19?"},"content":{"rendered":"<p>Wywiad przeprowadzony przez Redakcj\u0119 Wamiz<\/p>\n<p><strong>Koronawirus u psa lub kota: lekarz weterynarii odpowiada na 6 najcz\u0119\u015bciej zadawanych pyta\u0144<\/strong><br \/>\nKoronawirus Covid-19 wci\u0105\u017c rozprzestrzenia si\u0119 w naszym kraju, a wielu w\u0142a\u015bcicieli ps\u00f3w i kot\u00f3w zadaje sobie pytania co do zdrowia ich pupili. By pom\u00f3c rozwia\u0107 w\u0105tpliwo\u015bci, redakcja Wamiz przeprowadzi\u0142a rozmow\u0119 z lekarzem weterynarii Thierry\u2019m Bedoss, pracuj\u0105cym w klinice weterynaryjnej w  Pont de Neuilly \u00e0 Neuilly-sur-Seine i prezesem stowarzyszenia Agir pour la vie animale (t\u0142um. Dzia\u0142a\u0107 na rzecz \u017cycia zwierz\u0105t).<br \/>\nOd kiedy mieszkaj\u0105cy w Hong Kongu szpic niemiecki uzyska\u0142 w badaniu na wirus COVID-19 wynik \u201es\u0142abo dodatni\u201d, wielu opiekun\u00f3wi ps\u00f3w i kot\u00f3w zastanawia si\u0119, czy ich pupil mo\u017ce zachorowa\u0107.<\/p>\n<p>Powtarzamy: <strong>WHO informuje, \u017ce nie ma \u017cadnych dowod\u00f3w na to, aby psy i koty mog\u0142y by\u0107 nosicielami koronawirusa.<\/strong><\/p>\n<p>Zadali\u015bmy najcz\u0119\u015bciej pojawiaj\u0105ce si\u0119 pytania Thierriemu Bedoss, lekarzowi z kliniki weterynaryjnej Pont de Neuilly w Neuilly-sur-Seine i prezesowi stowarzyszenia Agir pour la vie animale (t\u0142um. Dzia\u0142a\u0107 na rzecz \u017cycia zwierz\u0105t). Mamy nadziej\u0119, \u017ce ta rozmowa b\u0119dzie pomocna i rozwieje w\u0105tpliwo\u015bci naszych czytelnik\u00f3w w tych niepewnych czasach!<\/p>\n<p><strong>Czy ludzie mog\u0105 przenosi\u0107 koronawirusa na psy i koty?<\/strong><br \/>\nW \u017cadnym wypadku. Na podstawie informacji dost\u0119pnych nam jako lekarzom weterynarii, nie ma dowod\u00f3w na to, \u017ce psy i koty mog\u0105 zachorowa\u0107 na koronawirusa Covid-19.<\/p>\n<p><strong>Czy zwierz\u0119ta domowe mog\u0105 by\u0107  nosicielami wirusa i przenosi\u0107 go na ludzi?<\/strong><br \/>\nCho\u0107 psy i koty nie mog\u0105 zachorowa\u0107 na koronawirusa Covid-19, mog\u0105 przenosi\u0107 zaka\u017cone kropelki na swojej sier\u015bci, je\u015bli ich opiekun jest chory. Te mikrokrople pochodz\u0105ce z ludzkiego kichania i kaszlu mog\u0105 utrzymywa\u0107 si\u0119 w sier\u015bci zwierz\u0119cia wiele godzin.<\/p>\n<p>Je\u015bli macie podejrzenie, \u017ce Wasze zwierz\u0119 mia\u0142o kontakt z osob\u0105 zara\u017con\u0105 (np. podczas spaceru), najlepiej wyk\u0105pa\u0107 zwierzaka myj\u0105c go przeznaczonym dla ps\u00f3w szamponem. Podczas mycia dok\u0142adnie pocierajmy jego sier\u015b\u0107, tak samo jak ludziom zaleca si\u0119 mycie r\u0105k, aby zapobiec rozprzestrzenianiu si\u0119 wirusa.<\/p>\n<p><strong>Czy nale\u017cy bada\u0107 zwierz\u0119ta domowe os\u00f3b zaka\u017conych Covid-19?<\/strong><br \/>\nNa rynku nie ma dost\u0119pnych test\u00f3w dla ps\u00f3w i kot\u00f3w.<\/p>\n<p>Natomiast psy i koty od bardzo dawna s\u0105 nosicielami koronawirus\u00f3w, kt\u00f3re dotycz\u0105 wy\u0142\u0105cznie ich i nie stanowi\u0105 zagro\u017cenia dla ludzi.<\/p>\n<p><strong>Czy powinni\u015bmy podda\u0107 zwierz\u0119ta kwarantannie?<\/strong><br \/>\nW \u015bwietle dost\u0119pnych dzi\u015b informacji nie wchodzi to w gr\u0119. Nie ma dowod\u00f3w, \u017ce psy i koty domowe s\u0105 nosicielami wirusa COVID-19, izolowanie ich nie ma wi\u0119c najmniejszego sensu.<\/p>\n<p>Je\u015bli martwisz si\u0119 o zdrowie swojego zwierz\u0119cia, skontaktuj si\u0119 z klinik\u0105 weterynaryjn\u0105. Ale je\u015bli masz kota, kt\u00f3ry nie wychodzi na zewn\u0105trz, lub psa, kt\u00f3ry chodzi na smyczy i kt\u00f3rego kontakty z lud\u017ami kontrolujesz, naprawd\u0119 nie ma powodu do obaw.<\/p>\n<p><strong>Je\u015bli w tym samym gospodarstwie domowym jest kilka os\u00f3b, z kt\u00f3rych cz\u0119\u015b\u0107 jest chora i poddana kwarantannie, a cz\u0119\u015b\u0107 jest zdrowa, to czy zwierz\u0119 mo\u017ce kontaktowa\u0107 si\u0119 ze wszystkimi?<\/strong><br \/>\nNa razie decyzja nale\u017cy do zainteresowanych os\u00f3b. Ale je\u015bli cz\u0142owiek zarazi\u0142 si\u0119 wirusem lub by\u0142 na niego nara\u017cony, najlepiej je\u015bli odizoluje si\u0119 od innych.<\/p>\n<p>W izolacji (np. w domu) musimy unika\u0107 kontakt\u00f3w, poniewa\u017c ka\u017cdy cz\u0142owiek mo\u017ce zarazi\u0107 innych.<\/p>\n<p>W ka\u017cdym razie wirus nie rozmna\u017ca si\u0119 w drogach oddechowych psa ani kota. Zwierz\u0119 nie kaszle i nie kicha, a po ewentualnym kontakcie z osob\u0105 zaka\u017con\u0105 wirusem COVID-19 wystarczy je dok\u0142adnie wyk\u0105pa\u0107, by nie zara\u017ca\u0142o, chyba \u017ce ponownie zetknie si\u0119 z chorym lub nosicielem wirusa.<\/p>\n<p><strong>Jak mo\u017cemy chroni\u0107 nasze koty i psy przed koronawirusem?<\/strong><br \/>\nJe\u015bli naprawd\u0119 martwisz si\u0119 o swojego pupila, mo\u017cesz po prostu izolowa\u0107 go od ludzi zara\u017conych koronawirusem.<\/p>\n<p>Je\u017celi Tw\u00f3j kot wychodzi na zewn\u0105trz bez nadzoru, mo\u017cesz ograniczy\u0107 jego wyj\u015bcia lub kontrolowa\u0107 je. To samo dotyczy ps\u00f3w. Je\u015bli w\u0142a\u015bciciel kontroluje wyj\u015bcia swojego zwierz\u0119cia, nie b\u0119dzie ono nara\u017cone na kontakt z lud\u017ami zara\u017conymi Covid-19.<\/p>\n<p>Problem z epidemi\u0105 polega na tym, \u017ce wiele os\u00f3b przenosi wirusa nie\u015bwiadomie, poniewa\u017c ma niewiele objaw\u00f3w lub nie ma ich wcale.<\/p>\n<p>Dlatego te\u017c mo\u017cliwe jest odizolowanie zwierz\u0119cia od ludzi, przy jednoczesnej dba\u0142o\u015bci o jego dobre samopoczucie i zdrowie, zapewniaj\u0105c mu ruch i socjalizacj\u0119 w najlepszych mo\u017cliwych warunkach.<\/p>\n<p><strong>Jedynym wektorem zidentyfikowanym dla wirusa COVID-19 jest cz\u0142owiek! W \u017cadnym wypadku pies czy kot.<\/strong><\/p>\n","protected":false},"excerpt":{"rendered":"<p>Wywiad przeprowadzony przez Redakcj\u0119 Wamiz Koronawirus u psa lub kota: lekarz weterynarii odpowiada na 6 najcz\u0119\u015bciej zadawanych pyta\u0144 Koronawirus Covid-19 wci\u0105\u017c rozprzestrzenia si\u0119 w naszym kraju, a wielu w\u0142a\u015bcicieli ps\u00f3w i kot\u00f3w zadaje sobie pytania co do zdrowia ich pupili. By pom\u00f3c rozwia\u0107 w\u0105tpliwo\u015bci, redakcja Wamiz przeprowadzi\u0142a rozmow\u0119 z lekarzem weterynarii Thierry\u2019m Bedoss, pracuj\u0105cym w &hellip; <a href=\"https:\/\/domfutrzakow.pl\/?page_id=2642\" class=\"more-link\">Czytaj dalej <span class=\"screen-reader-text\">Czy koty mog\u0105 zarazi\u0107 cz\u0142owieka COVID-19?<\/span> <span class=\"meta-nav\">&rarr;<\/span><\/a><\/p>\n","protected":false},"author":1,"featured_media":0,"parent":0,"menu_order":0,"comment_status":"closed","ping_status":"closed","template":"","meta":[],"_links":{"self":[{"href":"https:\/\/domfutrzakow.pl\/index.php?rest_route=\/wp\/v2\/pages\/2642"}],"collection":[{"href":"https:\/\/domfutrzakow.pl\/index.php?rest_route=\/wp\/v2\/pages"}],"about":[{"href":"https:\/\/domfutrzakow.pl\/index.php?rest_route=\/wp\/v2\/types\/page"}],"author":[{"embeddable":true,"href":"https:\/\/domfutrzakow.pl\/index.php?rest_route=\/wp\/v2\/users\/1"}],"replies":[{"embeddable":true,"href":"https:\/\/domfutrzakow.pl\/index.php?rest_route=%2Fwp%2Fv2%2Fcomments&post=2642"}],"version-history":[{"count":5,"href":"https:\/\/domfutrzakow.pl\/index.php?rest_route=\/wp\/v2\/pages\/2642\/revisions"}],"predecessor-version":[{"id":3410,"href":"https:\/\/domfutrzakow.pl\/index.php?rest_route=\/wp\/v2\/pages\/2642\/revisions\/3410"}],"wp:attachment":[{"href":"https:\/\/domfutrzakow.pl\/index.php?rest_route=%2Fwp%2Fv2%2Fmedia&parent=2642"}],"curies":[{"name":"wp","href":"https:\/\/api.w.org\/{rel}","templated":true}]}}