{"id":2640,"date":"2020-03-21T20:36:51","date_gmt":"2020-03-21T18:36:51","guid":{"rendered":"https:\/\/domfutrzakow.pl\/?page_id=2640"},"modified":"2020-03-21T20:47:36","modified_gmt":"2020-03-21T18:47:36","slug":"jak-kupic-kota-do-kochania","status":"publish","type":"page","link":"https:\/\/domfutrzakow.pl\/?page_id=2640","title":{"rendered":"Jak kupi\u0107 kota do kochania"},"content":{"rendered":"<p>W\u015br\u00f3d licznej ilo\u015bci hodowli kot\u00f3w rasy Maine Coon niestety nie wszystkie hodowle oferuj\u0105 rodowodowe i zdrowe koty. Nie wskazuj\u0119 tutaj konkretnych hodowli bo nie o to mi chodzi aby kogo\u015b napi\u0119tnowa\u0107 ale ostrzec kupuj\u0105cych i wskaza\u0107 na co nale\u017cy zwr\u00f3ci\u0107 uwag\u0119 przy kupnie kociaka i o co zapyta\u0107 hodowc\u0119. <\/br>Musisz mie\u0107 pewno\u015b\u0107, \u017ce mo\u017cesz posiada\u0107 kota-czy nie masz uczulenia na koci\u0105 \u015blin\u0119, sier\u015b\u0107 bo to oznacza dla Ciebie utrat\u0119 zdrowia i masz warunki u siebie w domu dla kotka tzn. czy sta\u0107 Ci\u0119 aby zapewni\u0107 ma\u0142emu, rosn\u0105cemu kotkowi dobr\u0105 karm\u0119 przynajmniej do czasu uzyskania pe\u0142nego wzrostu, czy zapewnisz kotkowi w\u0142a\u015bciw\u0105 opiek\u0119, spe\u0142nisz jego inne potrzeby np. piel\u0119gnacja, bycie z nim ka\u017cdego dnia, nie oddasz go do schroniska.<br \/>\n<\/br>Kto\u015b mo\u017ce powiedzie\u0107, \u017ce kot \\&#8221;na kolanka\\&#8221; nie musi mie\u0107 wykonanych bada\u0144. Jest w b\u0142\u0119dzie bo je\u015bli kociak nie b\u0119dzie przebadany w kierunku chor\u00f3b zaka\u017anych Felv i Fiv to przywo\u017c\u0105c go do naszego domu mo\u017cemy t\u0105 chorob\u0105 zarazi\u0107 wszystkie koty kt\u00f3re ju\u017c mamy w domu i wydamy sporo pieni\u0119dzy na leczenie takiego kota. Jako hodowca kupuj\u0105cy koty do hodowli niestety za bardzo zaufa\u0142am hodowcom. Zap\u0142aci\u0142am bardzo wysok\u0105 cen\u0119 za to. Po przebadaniu, koty musia\u0142y by\u0107 wysterylizowane\/wykastrowane i wycofane z hodowli.<br \/>\n<\/br>Nie wszyscy badaj\u0105 koty na r\u00f3\u017cne choroby zaka\u017ane i genetyczne. Nie wszystkie badania mo\u017cna te\u017c wykona\u0107 u tak ma\u0142ego zwierz\u0119cia, dlatego oboje rodzice powinni mie\u0107 takie badania przeprowadzone. Dopiero po uzyskaniu wyniku &#8222;n\/n&#8221; u rodzic\u00f3w, mo\u017cna my\u015ble\u0107 o ich rozmna\u017caniu. Takim badaniem jest na przyk\u0142ad badanie genetyczne HCM (badanie predyspozycji do zachorowania na chorob\u0119 serca). Hodowcy drwi\u0105 z tego badania m\u00f3wi\u0105c \u017ce za t\u0119 chorob\u0119 odpowiedzialnych jest oko\u0142o 36 gen\u00f3w i licznych mutacji a badamy tylko 2 lub 3 geny, \u017ce taki badanie jest niemiarodajne i niewiarygodne. Ot\u00f3\u017c to nie do ko\u0144ca jest prawda. Dost\u0119pne testy badaj\u0105 obecnie 2 lub 3 geny ale s\u0105 to geny najbardziej istotne przy tej chorobie. Je\u015bli ju\u017c przy tym badaniu mamy koty, kt\u00f3re s\u0105 dodatnie (HCM\/HCM lub n\/HCM) to nale\u017cy takie koty eliminowa\u0107 z hodowli i z reprodukcji.<br \/>\n<\/br>Ja staram si\u0119 uczciwie podchodzi\u0107 do tematu i badam rodzic\u00f3w od samego powstania hodowli Dom Futrzak\u00f3w. Kociaki urodzone w mojej hodowli s\u0105 od urodzenia pod opiek\u0105 lekarza weterynarii aby szybko eliminowa\u0107 r\u00f3wnie\u017c ewentualne choroby zaka\u017ane np. koci katar.<\/br> Wszystko po to aby kupuj\u0105cy mia\u0142 pewno\u015b\u0107 \u017ce kupuje zdrowe koty.<br \/>\n<b><\/br>Poni\u017cej umieszczam list\u0119 zagadnie\u0144 o kt\u00f3re trzeba zapyta\u0107 podczas zakupu kota w opcji &#8222;na kolanko&#8221;:<\/b><br \/>\n1.Zawsze kupuj kociaka bezpo\u015brednio w hodowli (nie kupuj na wystawach, pokazach, na aukcjach) bo masz mo\u017cliwo\u015b\u0107 przy okazji zobaczy\u0107 w jakich warunkach \u017cyj\u0105 zwierz\u0119ta i jak si\u0119 zachowuj\u0105 kociaki.<\/br><br \/>\n2.Popro\u015b o pokazanie miejsca, gdzie dok\u0142adnie przebywaj\u0105 koci\u0119ta. Je\u015bli nie spodoba Ci si\u0119 cokolwiek masz prawo zapyta\u0107, poprosi\u0107 o wyja\u015bnienia a nawet odm\u00f3wi\u0107 zakupu kociaka.<\/br><br \/>\n3.Zapytaj o odrobaczenia, szczepienia koci\u0105t. Do uko\u0144czenia 12 tygodnia kociak powinien by\u0107 3 lub 2 razy odrobaczony i 3 lub 2 razy zaszczepiony.Wszystkie te zabiegi powinny by\u0107 zanotowane w ksi\u0105\u017ceczce zdrowia kociaka.<\/br><br \/>\n4.Zapytaj hodowc\u0119 o karm\u0119 kt\u00f3r\u0105 karmi swoje koty. Je\u015bli jest to karma niskiej jako\u015bci (czyli marketowa np. Whiskas) czyli taka kt\u00f3ra nie dostarczy koci\u0119tom,kotom wszystkich potrzebnych sk\u0142adnik\u00f3w do \u017cycia, zdrowia i wzrostu lub hodowca nie jest zorientowany co daj\u0119 koci\u0119tom do jedzenia to masz prawo odm\u00f3wi\u0107 zakupu kota.<\/br><br \/>\n5.Karm kociaka t\u0105 sam\u0105 karm\u0105, kt\u00f3r\u0105 dostawa\u0142 w Hodowli co najmniej do roku czasu. Je\u015bli podasz mu od razu inn\u0105 karm\u0119 ju\u017c u siebie w domu, to kociak mo\u017ce dosta\u0107 rozwolnienia (biegunka) i rozstroju \u017co\u0142\u0105dka, jelit. Je\u015bli zmieniasz karm\u0119 oko\u0142o roku, przyzwyczajaj kociaka stopniowo do zmiany karmy w ci\u0105gu kilku dni.<\/br><br \/>\n6.Zapytaj czy kociak jest przyzwyczajony do g\u0142askania i brania na r\u0119ce. Je\u015bli b\u0119dzie do tego przyzwyczajony to w Twoim domu nie b\u0119dzie si\u0119 zachowywa\u0142 jak dzikie zwierz\u0119.Szybciej przywyknie do nowych warunk\u00f3w.<\/br><br \/>\n7.Zapytaj o czas po\u015bwi\u0119cany koci\u0119tom, czy nie s\u0105 zamykane w osobnych pokojach bez podst\u0119pu cz\u0142owieka, bo od tego zale\u017cy jak kociak b\u0119dzie przyzwyczajony do cz\u0142owieka i \u017cycia obok niego (zsocjalizowany).<\/br><br \/>\n8.Zapytaj czy kociak jest przyzwyczajony do korzystania z kuwety, drapaka. Zapytaj jakiego \u017cwirku u\u017cywa\u0142 kociak bo je\u015bli b\u0119dziesz u siebie w domu u\u017cywa\u0107 innego \u017cwirku, kociak b\u0119dzie si\u0119 za\u0142atwia\u0142 poza kuwet\u0105.Zmiana \u017cwirku powinna by\u0107 stopniowa. Kuweta za\u015b powinna by\u0107 czyszczona regularnie, przynajmniej raz na dzie\u0144 bo kociak r\u00f3wnie\u017c mo\u017ce si\u0119 za\u0142atwia\u0107 poza kuwet\u0105.<\/br><br \/>\n9.Zapytaj o wyniki bada\u0144 lekarskich rodzic\u00f3w i kociaka: og\u00f3lnych, zaka\u017anych Felv, Fiv, genetycznych HCM, PKD, SMA, PKdef, PRA lub GSDiV. Nie przyjmuj do wiadomo\u015bci, \u017ce badania zaka\u017ane i genetyczne wykonywane s\u0105 w co drugim pokoleniu-z tym si\u0119 te\u017c spotka\u0142am. Bezwzgl\u0119dnie rodzice powinni by\u0107 badani a kociak r\u00f3wnie\u017c je\u015bli podczas badania og\u00f3lnego lekarz weterynarz skieruje na takie badania. Zawsze jako kupuj\u0105cy mo\u017cesz poprosi\u0107 o wykonanie badania na sw\u00f3j koszt przed zakupem kota.<\/br><br \/>\n10.Pami\u0119taj, \u017ce je\u015bli cena kociaka jest niska to na pewno nie mia\u0142 wykonanych bada\u0144. Sam ryzykujesz \u017ce co\u015b b\u0119dzie nie tak.Jako hodowca dok\u0142adam wszelkich stara\u0144 aby koty by\u0142y przebadane i zdrowe ale cena wtedy kociaka jest du\u017co wy\u017csza.<\/br><br \/>\n11.Zabierz dla swojego kociaka transporter aby podr\u00f3\u017c do nowego domu by\u0142a bezpieczna dla wszystkich pasa\u017cer\u00f3w i dla kota.<\/br><br \/>\n12.Przejrzyj dok\u0142adnie umow\u0119 kupna sprzeda\u017cy aby\u015b p\u00f3\u017aniej nie \u017ca\u0142owa\u0142, \u017ce co\u015b takiego podpisa\u0142e\u015b. Przedyskutuj z hodowc\u0105 kwestie sporne, niejasne i umie\u015b\u0107cie te zapisy w umowie. B\u0119dziesz wtedy pewny, \u017ce hodowca nie zmieni zdania i nie zinterpretuje po czasie inaczej.<\/br><br \/>\n13.Nie wierz na s\u0142owo, nie uzgadniaj nic ustnie bo na pewno b\u0119dziesz oszukany, hodowca wyprze si\u0119 wszystkiego. Zdarzaj\u0105 si\u0119 oczywi\u015bcie te\u017c szanuj\u0105cy si\u0119 hodowcy, kt\u00f3rzy sami dopilnowuj\u0105 aby wszystko by\u0142o tak jak trzeba. Nie mniej jednak trzeba pilnowa\u0107 swoich interes\u00f3w r\u00f3wnie\u017c przy kupnie kociaka aby czego\u015b p\u00f3\u017aniej nie \u017ca\u0142owa\u0107.<\/br><br \/>\n14.I najwa\u017cniejsze-sprawd\u017a czy nie masz uczulenia na koci\u0105 \u015blin\u0119 (potocznie m\u00f3wi si\u0119 sier\u015b\u0107). Je\u015bli b\u0119dziesz uczulony a zakupisz kotka b\u0119dzie to oznacza\u0142o dla Ciebie k\u0142opoty ze zdrowiem a dla kotka niepotrzebny stres. <\/br>Uczula\u0107 mo\u017ce \u015blina (bo kot si\u0119 wylizuje) cz\u0119\u015bciej kocura ni\u017c kotki.<\/p>\n","protected":false},"excerpt":{"rendered":"<p>W\u015br\u00f3d licznej ilo\u015bci hodowli kot\u00f3w rasy Maine Coon niestety nie wszystkie hodowle oferuj\u0105 rodowodowe i zdrowe koty. Nie wskazuj\u0119 tutaj konkretnych hodowli bo nie o to mi chodzi aby kogo\u015b napi\u0119tnowa\u0107 ale ostrzec kupuj\u0105cych i wskaza\u0107 na co nale\u017cy zwr\u00f3ci\u0107 uwag\u0119 przy kupnie kociaka i o co zapyta\u0107 hodowc\u0119. Musisz mie\u0107 pewno\u015b\u0107, \u017ce mo\u017cesz posiada\u0107 &hellip; <a href=\"https:\/\/domfutrzakow.pl\/?page_id=2640\" class=\"more-link\">Czytaj dalej <span class=\"screen-reader-text\">Jak kupi\u0107 kota do kochania<\/span> <span class=\"meta-nav\">&rarr;<\/span><\/a><\/p>\n","protected":false},"author":1,"featured_media":0,"parent":0,"menu_order":0,"comment_status":"closed","ping_status":"closed","template":"","meta":[],"_links":{"self":[{"href":"https:\/\/domfutrzakow.pl\/index.php?rest_route=\/wp\/v2\/pages\/2640"}],"collection":[{"href":"https:\/\/domfutrzakow.pl\/index.php?rest_route=\/wp\/v2\/pages"}],"about":[{"href":"https:\/\/domfutrzakow.pl\/index.php?rest_route=\/wp\/v2\/types\/page"}],"author":[{"embeddable":true,"href":"https:\/\/domfutrzakow.pl\/index.php?rest_route=\/wp\/v2\/users\/1"}],"replies":[{"embeddable":true,"href":"https:\/\/domfutrzakow.pl\/index.php?rest_route=%2Fwp%2Fv2%2Fcomments&post=2640"}],"version-history":[{"count":4,"href":"https:\/\/domfutrzakow.pl\/index.php?rest_route=\/wp\/v2\/pages\/2640\/revisions"}],"predecessor-version":[{"id":2657,"href":"https:\/\/domfutrzakow.pl\/index.php?rest_route=\/wp\/v2\/pages\/2640\/revisions\/2657"}],"wp:attachment":[{"href":"https:\/\/domfutrzakow.pl\/index.php?rest_route=%2Fwp%2Fv2%2Fmedia&parent=2640"}],"curies":[{"name":"wp","href":"https:\/\/api.w.org\/{rel}","templated":true}]}}