{"id":1069,"date":"2019-08-25T12:47:12","date_gmt":"2019-08-25T10:47:12","guid":{"rendered":"https:\/\/domfutrzakow.pl\/?page_id=1069"},"modified":"2025-05-23T09:57:36","modified_gmt":"2025-05-23T07:57:36","slug":"1069-2","status":"publish","type":"page","link":"https:\/\/domfutrzakow.pl\/","title":{"rendered":""},"content":{"rendered":"<table>\n<tbody>\n<tr>\n<td><img decoding=\"async\" loading=\"lazy\" class=\"wp-image-3302 alignright\" src=\"https:\/\/domfutrzakow.pl\/wp-content\/uploads\/2021\/01\/LogoZNapisem2-1.png\" alt=\"\" width=\"182\" height=\"182\" srcset=\"https:\/\/domfutrzakow.pl\/wp-content\/uploads\/2021\/01\/LogoZNapisem2-1.png 267w, https:\/\/domfutrzakow.pl\/wp-content\/uploads\/2021\/01\/LogoZNapisem2-1-150x150.png 150w\" sizes=\"(max-width: 182px) 100vw, 182px\" \/><\/td>\n<td>\n<h1 id=\"block-fadd60d9-567b-4f06-a4c7-2501adadab77\" class=\"block-editor-rich-text__editable block-editor-block-list__block wp-block has-text-align-center is-selected wp-block-heading rich-text\" tabindex=\"0\" role=\"document\" aria-multiline=\"true\" aria-label=\"Blok: Nag\u0142\u00f3wek\" data-block=\"fadd60d9-567b-4f06-a4c7-2501adadab77\" data-type=\"core\/heading\" data-title=\"Nag\u0142\u00f3wek\" contenteditable=\"true\">Witamy na stronie hodowli<br data-rich-text-line-break=\"true\">Dom Futrzak\u00f3w*PL<\/h1>\n<\/td>\n<\/tr>\n<\/tbody>\n<\/table>\n<table>\n<tbody>\n<tr>\n<td><div id=\"envira-gallery-wrap-3191\" class=\"envira-gallery-wrap envira-gallery-theme-base envira-lightbox-theme-base\" itemscope itemtype=\"https:\/\/schema.org\/ImageGallery\"><div data-row-height=\"\" data-gallery-theme=\"\" id=\"envira-gallery-3191\" class=\"envira-gallery-public  envira-gallery-3-columns envira-clear enviratope envira-gallery-css-animations\" data-envira-columns=\"3\"><div id=\"envira-gallery-item-4087\" class=\"envira-gallery-item enviratope-item envira-gallery-item-1 envira-lazy-load\" style=\"padding-left: 5px; padding-bottom: 10px; padding-right: 5px;\"  itemscope itemtype=\"https:\/\/schema.org\/ImageObject\"><div class=\"envira-gallery-item-inner\"><div class=\"envira-gallery-position-overlay  envira-gallery-top-left\"><\/div><div class=\"envira-gallery-position-overlay  envira-gallery-top-right\"><\/div><div class=\"envira-gallery-position-overlay  envira-gallery-bottom-left\"><\/div><div class=\"envira-gallery-position-overlay  envira-gallery-bottom-right\"><\/div><a href=\"https:\/\/domfutrzakow.pl\/wp-content\/uploads\/2020\/09\/Geyser_24042022_2.jpg\" class=\"envira-gallery-3191 envira-gallery-link\" rel=\"enviragallery3191\" title=\"Geyser_24042022_2\" data-envira-caption=\"Geyser_24042022_2\" data-envira-retina=\"\" data-thumbnail=\"\"  itemprop=\"contentUrl\"><div class=\"envira-lazy\" data-test-width=\"640\" data-test-height=\"480\" style=\"padding-bottom:75%;\"><img id=\"envira-gallery-image-4087\" class=\"envira-gallery-image envira-gallery-image-1\" data-envira-index=\"1\" src=\"https:\/\/domfutrzakow.pl\/wp-content\/uploads\/2020\/09\/Geyser_24042022_2-1024x930.jpg\" data-envira-src=\"https:\/\/domfutrzakow.pl\/wp-content\/uploads\/2020\/09\/Geyser_24042022_2-1024x930.jpg\" data-envira-gallery-id=\"3191\" data-envira-item-id=\"4087\" data-envira-caption=\"Geyser_24042022_2\" alt=\"\" title=\"Geyser_24042022_2\"  itemprop=\"thumbnailUrl\" data-envira-srcset=\"https:\/\/domfutrzakow.pl\/wp-content\/uploads\/2020\/09\/Geyser_24042022_2-1024x930.jpg 400w,https:\/\/domfutrzakow.pl\/wp-content\/uploads\/2020\/09\/Geyser_24042022_2-1024x930.jpg 2x\" srcset=\"data:image\/gif;base64,R0lGODlhAQABAIAAAP\/\/\/\/\/\/\/yH5BAEKAAEALAAAAAABAAEAAAICTAEAOw==\" \/><\/div><\/a><\/div><\/div><div id=\"envira-gallery-item-4184\" class=\"envira-gallery-item enviratope-item envira-gallery-item-2 envira-lazy-load\" style=\"padding-left: 5px; padding-bottom: 10px; padding-right: 5px;\"  itemscope itemtype=\"https:\/\/schema.org\/ImageObject\"><div class=\"envira-gallery-item-inner\"><div class=\"envira-gallery-position-overlay  envira-gallery-top-left\"><\/div><div class=\"envira-gallery-position-overlay  envira-gallery-top-right\"><\/div><div class=\"envira-gallery-position-overlay  envira-gallery-bottom-left\"><\/div><div class=\"envira-gallery-position-overlay  envira-gallery-bottom-right\"><\/div><a href=\"https:\/\/domfutrzakow.pl\/wp-content\/uploads\/2020\/09\/248704634_4738882749512703_3637247024903671427_n.jpg\" class=\"envira-gallery-3191 envira-gallery-link\" rel=\"enviragallery3191\" title=\"248704634_4738882749512703_3637247024903671427_n\" data-envira-caption=\"248704634_4738882749512703_3637247024903671427_n\" data-envira-retina=\"\" data-thumbnail=\"\"  itemprop=\"contentUrl\"><div class=\"envira-lazy\" data-test-width=\"640\" data-test-height=\"480\" style=\"padding-bottom:75%;\"><img id=\"envira-gallery-image-4184\" class=\"envira-gallery-image envira-gallery-image-2\" data-envira-index=\"2\" src=\"https:\/\/domfutrzakow.pl\/wp-content\/uploads\/2020\/09\/248704634_4738882749512703_3637247024903671427_n.jpg\" data-envira-src=\"https:\/\/domfutrzakow.pl\/wp-content\/uploads\/2020\/09\/248704634_4738882749512703_3637247024903671427_n.jpg\" data-envira-gallery-id=\"3191\" data-envira-item-id=\"4184\" data-envira-caption=\"248704634_4738882749512703_3637247024903671427_n\" alt=\"\" title=\"248704634_4738882749512703_3637247024903671427_n\"  itemprop=\"thumbnailUrl\" data-envira-srcset=\"https:\/\/domfutrzakow.pl\/wp-content\/uploads\/2020\/09\/248704634_4738882749512703_3637247024903671427_n.jpg 400w,https:\/\/domfutrzakow.pl\/wp-content\/uploads\/2020\/09\/248704634_4738882749512703_3637247024903671427_n.jpg 2x\" srcset=\"data:image\/gif;base64,R0lGODlhAQABAIAAAP\/\/\/\/\/\/\/yH5BAEKAAEALAAAAAABAAEAAAICTAEAOw==\" \/><\/div><\/a><\/div><\/div><div id=\"envira-gallery-item-4088\" class=\"envira-gallery-item enviratope-item envira-gallery-item-3 envira-lazy-load\" style=\"padding-left: 5px; padding-bottom: 10px; padding-right: 5px;\"  itemscope itemtype=\"https:\/\/schema.org\/ImageObject\"><div class=\"envira-gallery-item-inner\"><div class=\"envira-gallery-position-overlay  envira-gallery-top-left\"><\/div><div class=\"envira-gallery-position-overlay  envira-gallery-top-right\"><\/div><div class=\"envira-gallery-position-overlay  envira-gallery-bottom-left\"><\/div><div class=\"envira-gallery-position-overlay  envira-gallery-bottom-right\"><\/div><a href=\"https:\/\/domfutrzakow.pl\/wp-content\/uploads\/2020\/09\/Pejto_19032023_7_1.jpg\" class=\"envira-gallery-3191 envira-gallery-link\" rel=\"enviragallery3191\" title=\"Pejto_19032023_7_1\" data-envira-caption=\"Pejto_19032023_7_1\" data-envira-retina=\"\" data-thumbnail=\"\"  itemprop=\"contentUrl\"><div class=\"envira-lazy\" data-test-width=\"640\" data-test-height=\"480\" style=\"padding-bottom:75%;\"><img id=\"envira-gallery-image-4088\" class=\"envira-gallery-image envira-gallery-image-3\" data-envira-index=\"3\" src=\"https:\/\/domfutrzakow.pl\/wp-content\/uploads\/2020\/09\/Pejto_19032023_7_1.jpg\" data-envira-src=\"https:\/\/domfutrzakow.pl\/wp-content\/uploads\/2020\/09\/Pejto_19032023_7_1.jpg\" data-envira-gallery-id=\"3191\" data-envira-item-id=\"4088\" data-envira-caption=\"Pejto_19032023_7_1\" alt=\"\" title=\"Pejto_19032023_7_1\"  itemprop=\"thumbnailUrl\" data-envira-srcset=\"https:\/\/domfutrzakow.pl\/wp-content\/uploads\/2020\/09\/Pejto_19032023_7_1.jpg 400w,https:\/\/domfutrzakow.pl\/wp-content\/uploads\/2020\/09\/Pejto_19032023_7_1.jpg 2x\" srcset=\"data:image\/gif;base64,R0lGODlhAQABAIAAAP\/\/\/\/\/\/\/yH5BAEKAAEALAAAAAABAAEAAAICTAEAOw==\" \/><\/div><\/a><\/div><\/div><\/div><\/div><noscript><img src=\"https:\/\/domfutrzakow.pl\/wp-content\/uploads\/2020\/09\/Geyser_24042022_2.jpg\" alt=\"\" \/><img src=\"https:\/\/domfutrzakow.pl\/wp-content\/uploads\/2020\/09\/248704634_4738882749512703_3637247024903671427_n.jpg\" alt=\"\" \/><img src=\"https:\/\/domfutrzakow.pl\/wp-content\/uploads\/2020\/09\/Pejto_19032023_7_1.jpg\" alt=\"\" \/><\/noscript><\/td>\n<td><div id=\"envira-gallery-wrap-3192\" class=\"envira-gallery-wrap envira-gallery-theme-base envira-lightbox-theme-base\" itemscope itemtype=\"https:\/\/schema.org\/ImageGallery\"><div data-row-height=\"\" data-gallery-theme=\"\" id=\"envira-gallery-3192\" class=\"envira-gallery-public  envira-gallery-3-columns envira-clear enviratope envira-gallery-css-animations\" data-envira-columns=\"3\"><div id=\"envira-gallery-item-4085\" class=\"envira-gallery-item enviratope-item envira-gallery-item-1 envira-lazy-load\" style=\"padding-left: 5px; padding-bottom: 10px; padding-right: 5px;\"  itemscope itemtype=\"https:\/\/schema.org\/ImageObject\"><div class=\"envira-gallery-item-inner\"><div class=\"envira-gallery-position-overlay  envira-gallery-top-left\"><\/div><div class=\"envira-gallery-position-overlay  envira-gallery-top-right\"><\/div><div class=\"envira-gallery-position-overlay  envira-gallery-bottom-left\"><\/div><div class=\"envira-gallery-position-overlay  envira-gallery-bottom-right\"><\/div><a href=\"https:\/\/domfutrzakow.pl\/wp-content\/uploads\/2020\/09\/Pandora_Pruszkow_18032023_1.jpg\" class=\"envira-gallery-3192 envira-gallery-link\" rel=\"enviragallery3192\" title=\"Pandora_Pruszkow_18032023_1\" data-envira-caption=\"Pandora_Pruszkow_18032023_1\" data-envira-retina=\"\" data-thumbnail=\"\"  itemprop=\"contentUrl\"><div class=\"envira-lazy\" data-test-width=\"640\" data-test-height=\"480\" style=\"padding-bottom:75%;\"><img id=\"envira-gallery-image-4085\" class=\"envira-gallery-image envira-gallery-image-1\" data-envira-index=\"1\" src=\"https:\/\/domfutrzakow.pl\/wp-content\/uploads\/2020\/09\/Pandora_Pruszkow_18032023_1.jpg\" data-envira-src=\"https:\/\/domfutrzakow.pl\/wp-content\/uploads\/2020\/09\/Pandora_Pruszkow_18032023_1.jpg\" data-envira-gallery-id=\"3192\" data-envira-item-id=\"4085\" data-envira-caption=\"Pandora_Pruszkow_18032023_1\" alt=\"\" title=\"Pandora_Pruszkow_18032023_1\"  itemprop=\"thumbnailUrl\" data-envira-srcset=\"https:\/\/domfutrzakow.pl\/wp-content\/uploads\/2020\/09\/Pandora_Pruszkow_18032023_1.jpg 400w,https:\/\/domfutrzakow.pl\/wp-content\/uploads\/2020\/09\/Pandora_Pruszkow_18032023_1.jpg 2x\" srcset=\"data:image\/gif;base64,R0lGODlhAQABAIAAAP\/\/\/\/\/\/\/yH5BAEKAAEALAAAAAABAAEAAAICTAEAOw==\" \/><\/div><\/a><\/div><\/div><div id=\"envira-gallery-item-4086\" class=\"envira-gallery-item enviratope-item envira-gallery-item-2 envira-lazy-load\" style=\"padding-left: 5px; padding-bottom: 10px; padding-right: 5px;\"  itemscope itemtype=\"https:\/\/schema.org\/ImageObject\"><div class=\"envira-gallery-item-inner\"><div class=\"envira-gallery-position-overlay  envira-gallery-top-left\"><\/div><div class=\"envira-gallery-position-overlay  envira-gallery-top-right\"><\/div><div class=\"envira-gallery-position-overlay  envira-gallery-bottom-left\"><\/div><div class=\"envira-gallery-position-overlay  envira-gallery-bottom-right\"><\/div><a href=\"https:\/\/domfutrzakow.pl\/wp-content\/uploads\/2020\/09\/Persefona_koluszki_022023.jpg\" class=\"envira-gallery-3192 envira-gallery-link\" rel=\"enviragallery3192\" title=\"Persefona_koluszki_022023\" data-envira-caption=\"Persefona_koluszki_022023\" data-envira-retina=\"\" data-thumbnail=\"\"  itemprop=\"contentUrl\"><div class=\"envira-lazy\" data-test-width=\"640\" data-test-height=\"480\" style=\"padding-bottom:75%;\"><img id=\"envira-gallery-image-4086\" class=\"envira-gallery-image envira-gallery-image-2\" data-envira-index=\"2\" src=\"https:\/\/domfutrzakow.pl\/wp-content\/uploads\/2020\/09\/Persefona_koluszki_022023.jpg\" data-envira-src=\"https:\/\/domfutrzakow.pl\/wp-content\/uploads\/2020\/09\/Persefona_koluszki_022023.jpg\" data-envira-gallery-id=\"3192\" data-envira-item-id=\"4086\" data-envira-caption=\"Persefona_koluszki_022023\" alt=\"\" title=\"Persefona_koluszki_022023\"  itemprop=\"thumbnailUrl\" data-envira-srcset=\"https:\/\/domfutrzakow.pl\/wp-content\/uploads\/2020\/09\/Persefona_koluszki_022023.jpg 400w,https:\/\/domfutrzakow.pl\/wp-content\/uploads\/2020\/09\/Persefona_koluszki_022023.jpg 2x\" srcset=\"data:image\/gif;base64,R0lGODlhAQABAIAAAP\/\/\/\/\/\/\/yH5BAEKAAEALAAAAAABAAEAAAICTAEAOw==\" \/><\/div><\/a><\/div><\/div><div id=\"envira-gallery-item-4360\" class=\"envira-gallery-item enviratope-item envira-gallery-item-3 envira-lazy-load\" style=\"padding-left: 5px; padding-bottom: 10px; padding-right: 5px;\"  itemscope itemtype=\"https:\/\/schema.org\/ImageObject\"><div class=\"envira-gallery-item-inner\"><div class=\"envira-gallery-position-overlay  envira-gallery-top-left\"><\/div><div class=\"envira-gallery-position-overlay  envira-gallery-top-right\"><\/div><div class=\"envira-gallery-position-overlay  envira-gallery-bottom-left\"><\/div><div class=\"envira-gallery-position-overlay  envira-gallery-bottom-right\"><\/div><a href=\"https:\/\/domfutrzakow.pl\/wp-content\/uploads\/2020\/09\/Plejada_01122024_1.jpg\" class=\"envira-gallery-3192 envira-gallery-link\" rel=\"enviragallery3192\" title=\"Plejada_01122024_1\" data-envira-caption=\"Plejada_01122024_1\" data-envira-retina=\"\" data-thumbnail=\"\"  itemprop=\"contentUrl\"><div class=\"envira-lazy\" data-test-width=\"640\" data-test-height=\"480\" style=\"padding-bottom:75%;\"><img id=\"envira-gallery-image-4360\" class=\"envira-gallery-image envira-gallery-image-3\" data-envira-index=\"3\" src=\"https:\/\/domfutrzakow.pl\/wp-content\/uploads\/2020\/09\/Plejada_01122024_1.jpg\" data-envira-src=\"https:\/\/domfutrzakow.pl\/wp-content\/uploads\/2020\/09\/Plejada_01122024_1.jpg\" data-envira-gallery-id=\"3192\" data-envira-item-id=\"4360\" data-envira-caption=\"Plejada_01122024_1\" alt=\"\" title=\"Plejada_01122024_1\"  itemprop=\"thumbnailUrl\" data-envira-srcset=\"https:\/\/domfutrzakow.pl\/wp-content\/uploads\/2020\/09\/Plejada_01122024_1.jpg 400w,https:\/\/domfutrzakow.pl\/wp-content\/uploads\/2020\/09\/Plejada_01122024_1.jpg 2x\" srcset=\"data:image\/gif;base64,R0lGODlhAQABAIAAAP\/\/\/\/\/\/\/yH5BAEKAAEALAAAAAABAAEAAAICTAEAOw==\" \/><\/div><\/a><\/div><\/div><\/div><\/div><noscript><img src=\"https:\/\/domfutrzakow.pl\/wp-content\/uploads\/2020\/09\/Pandora_Pruszkow_18032023_1.jpg\" alt=\"\" \/><img src=\"https:\/\/domfutrzakow.pl\/wp-content\/uploads\/2020\/09\/Persefona_koluszki_022023.jpg\" alt=\"\" \/><img src=\"https:\/\/domfutrzakow.pl\/wp-content\/uploads\/2020\/09\/Plejada_01122024_1.jpg\" alt=\"\" \/><\/noscript><\/td>\n<\/tr>\n<\/tbody>\n<\/table>\n<table>\n<tbody>\n<tr>\n<td style=\"text-align: center; vertical-align: middle;\" width=\"1%\"><a title=\"ICH Geyser Muhtesem*KZ\" href=\"https:\/\/domfutrzakow.pl\/?p=3684\">ICH Geyser Muhtesem*KZ<\/a><\/td>\n<td style=\"text-align: center; vertical-align: middle;\" width=\"1%\"><a title=\"GIP Duster Dom Futrzak\u00f3w*PL\" href=\"https:\/\/domfutrzakow.pl\/?p=758\">GIP Duster Dom Futrzak\u00f3w*PL<\/a><\/td>\n<td style=\"text-align: center; vertical-align: middle;\" width=\"1%\"><a title=\"GIP Duster Dom Futrzak\u00f3w*PL\" href=\"https:\/\/domfutrzakow.pl\/?p=4005\">CH Pejto Dom Futrzak\u00f3w*PL<\/a><\/td>\n<td style=\"text-align: center; vertical-align: middle;\" width=\"1%\"><a title=\"CH Pandora Dom Futrzak\u00f3w*PL\" href=\"https:\/\/domfutrzakow.pl\/?p=4001\">CH Pandora Dom Futrzak\u00f3w*PL<\/a><\/td>\n<td style=\"text-align: center; vertical-align: middle;\" width=\"1%\"><a title=\"CH Persefona Dom Futrzak\u00f3w*PL\" href=\"https:\/\/domfutrzakow.pl\/?p=3994\">CH Persefona Dom Futrzak\u00f3w*PL<\/a><\/td>\n<td style=\"text-align: center; vertical-align: middle;\" width=\"1%\"><a title=\"CH Plejada Dom Futrzak\u00f3w*PL\" href=\"https:\/\/domfutrzakow.pl\/?p=3998\">CH Plejada Dom Futrzak\u00f3w*PL<\/a><\/td>\n<\/tr>\n<\/tbody>\n<\/table>\n<table>\n<tbody>\n<tr>\n<td><a title=\"Duster w &quot;Pytanie na \u015aniadanie&quot;\" href=\"https:\/\/pytanienasniadanie.tvp.pl\/45663555\/jak-ochronic-drzewko-i-ozdoby-choinkowe-przed-kotem\" target=\"_blank\" rel=\"noopener noreferrer\"><strong>Duster w &#8222;Pytanie na \u015aniadanie&#8221;<\/strong><br><img decoding=\"async\" class=\"alignnone size-thumbnail wp-image-3011\" src=\"https:\/\/domfutrzakow.pl\/wp-content\/uploads\/Galerie\/Kocury\/Duster\/2020-06-10_JAK_OCHRONI\u0106_DRZEWKO_I_OZDOBY_CHOINKOWE_PRZED_KOTEM--300x169.png\" alt=\"2020-06-10_JAK_OCHRONI\u0106_DRZEWKO_I_OZDOBY_CHOINKOWE_PRZED_KOTEM\" width=\"300\"><br><\/a><\/td>\n<td><a title=\"Woliera kot\u00f3w IPCam\" href=\"https:\/\/domfutrzakow.pl\/?page_id=2800\"><img decoding=\"async\" src=\"https:\/\/domfutrzakow.pl:8081\"><\/a><\/td>\n<\/tr>\n<\/tbody>\n<\/table>\n<p><!--\n\n\n\n\n\n\n\n\n\n\n\n\n\n\n<p><button onclick=\"window.open('https:\/\/www.safe-animal.eu\/pl\/', '_blank');\"><img decoding=\"async\" loading=\"lazy\" src=\"https:\/\/domfutrzakow.pl\/wp-content\/uploads\/2022\/04\/safe-animal-600x100-1.jpg\" alt=\"https:\/\/www.safe-animal.eu\/pl\/\" class=\"wp-image-3302\" width=\"384\" height=\"384\"><\/button><\/p>\n\n\n\n\n\n\n\n\n\n\n\n\n\n\n--><\/p>\n\n<div class=\"wp-block-image\">\n<figure class=\"aligncenter size-large is-resized\"><a href=\"https:\/\/www.safe-animal.eu\/pl\/\" target=\"_blank\" rel=\"noopener\"><img decoding=\"async\" loading=\"lazy\" src=\"https:\/\/domfutrzakow.pl\/wp-content\/uploads\/2022\/04\/safe-animal-600x100-1.jpg\" alt=\"https:\/\/www.safe-animal.eu\/pl\/\" class=\"wp-image-3302\" width=\"384\" height=\"384\"\/><\/a><\/figure><\/div>","protected":false},"excerpt":{"rendered":"<p>Witamy na stronie hodowliDom Futrzak\u00f3w*PL ICH Geyser Muhtesem*KZ GIP Duster Dom Futrzak\u00f3w*PL CH Pejto Dom Futrzak\u00f3w*PL CH Pandora Dom Futrzak\u00f3w*PL CH Persefona Dom Futrzak\u00f3w*PL CH Plejada Dom Futrzak\u00f3w*PL Duster w &#8222;Pytanie na \u015aniadanie&#8221;<\/p>\n","protected":false},"author":1,"featured_media":0,"parent":0,"menu_order":0,"comment_status":"closed","ping_status":"closed","template":"","meta":[],"_links":{"self":[{"href":"https:\/\/domfutrzakow.pl\/index.php?rest_route=\/wp\/v2\/pages\/1069"}],"collection":[{"href":"https:\/\/domfutrzakow.pl\/index.php?rest_route=\/wp\/v2\/pages"}],"about":[{"href":"https:\/\/domfutrzakow.pl\/index.php?rest_route=\/wp\/v2\/types\/page"}],"author":[{"embeddable":true,"href":"https:\/\/domfutrzakow.pl\/index.php?rest_route=\/wp\/v2\/users\/1"}],"replies":[{"embeddable":true,"href":"https:\/\/domfutrzakow.pl\/index.php?rest_route=%2Fwp%2Fv2%2Fcomments&post=1069"}],"version-history":[{"count":213,"href":"https:\/\/domfutrzakow.pl\/index.php?rest_route=\/wp\/v2\/pages\/1069\/revisions"}],"predecessor-version":[{"id":4509,"href":"https:\/\/domfutrzakow.pl\/index.php?rest_route=\/wp\/v2\/pages\/1069\/revisions\/4509"}],"wp:attachment":[{"href":"https:\/\/domfutrzakow.pl\/index.php?rest_route=%2Fwp%2Fv2%2Fmedia&parent=1069"}],"curies":[{"name":"wp","href":"https:\/\/api.w.org\/{rel}","templated":true}]}}